118?
115
Calculate the remainder when 209 is divided by 15.
14
Calculate the remainder when 1006 is divided by 7.
5
What is the remainder when 13 is divided by 4?
1
What is the remainder when 87 is divided by 31?
25
Calculate the remainder when 51 is divided by 46.
5
What is the remainder when 63331 is divided by 223?
222
Calculate the remainder when 254 is divided by 65.
59
Calculate the remainder when 464 is divided by 11.
2
Calculate the remainder when 961 is divided by 46.
41
What is the remainder when 213 is divided by 25?
13
What is the remainder when 255 is divided by 32?
31
Calculate the remainder when 109 is divided by 6.
1
Calculate the remainder when 91 is divided by 89.
2
Calculate the remainder when 254 is divided by 126.
2
What is the remainder when 172 is divided by 39?
16
Calculate the remainder when 213 is divided by 9.
6
Calculate the remainder when 1602 is divided by 26.
16
What is the remainder when 152 is divided by 28?
12
What is the remainder when 87 is divided by 44?
43
What is the remainder when 484 is divided by 79?
10
Calculate the remainder when 69 is divided by 10.
9
Calculate the remainder when 1464 is divided by 372.
348
What is the remainder when 1355 is divided by 97?
94
Calculate the remainder when 103 is divided by 21.
19
Calculate the remainder when 519 is divided by 52.
51
Calculate the remainder when 2357 is divided by 2356.
1
Calculate the remainder when 56 is divided by 51.
5
Calculate the remainder when 492 is divided by 125.
117
Calculate the remainder when 48 is divided by 35.
13
What is the remainder when 57 is divided by 25?
7
What is the remainder when 4016 is divided by 201?
197
What is the remainder when 5343 is divided by 254?
9
Calculate the remainder when 1696 is divided by 154.
2
What is the remainder when 397 is divided by 19?
17
Calculate the remainder when 126 is divided by 109.
17
Calculate the remainder when 156 is divided by 17.
3
Calculate the remainder when 1875 is divided by 10.
5
Calculate the remainder when 16208 is divided by 193.
189
Calculate the remainder when 3320 is divided by 1097.
29
Calculate the remainder when 4674 is divided by 55.
54
What is the remainder when 9857 is divided by 145?
142
Calculate the remainder when 1483 is divided by 9.
7
What is the remainder when 65 is divided by 17?
14
Calculate the remainder when 485 is divided by 151.
32
Calculate the remainder when 75 is divided by 10.
5
What is the remainder when 95 is divided by 33?
29
Calculate the remainder when 118 is divided by 60.
58
What is the remainder when 249 is divided by 28?
25
Calculate the remainder when 2492 is divided by 24.
20
Calculate the remainder when 8172 is divided by 30.
12
What is the remainder when 142 is divided by 41?
19
What is the remainder when 33 is divided by 30?
3
What is the remainder when 538 is divided by 221?
96
What is the remainder when 1011 is divided by 7?
3
What is the remainder when 194 is divided by 51?
41
Calculate the remainder when 139 is divided by 5.
4
Calculate the remainder when 3447 is divided by 192.
183
Calculate the remainder when 329 is divided by 44.
21
What is the remainder when 239 is divided by 112?
15
What is the remainder when 2159 is divided by 27?
26
Calculate the remainder when 8430 is divided by 42.
30
What is the remainder when 299 is divided by 60?
59
Calculate the remainder when 34 is divided by 27.
7
What is the remainder when 157 is divided by 21?
10
Calculate the remainder when 3785 is divided by 33.
23
Calculate the remainder when 24779 is divided by 105.
104
What is the remainder when 61 is divided by 48?
13
Calculate the remainder when 1798 is divided by 120.
118
What is the remainder when 46582 is divided by 72?
70
What is the remainder when 893 is divided by 102?
77
Calculate the remainder when 2499 is divided by 828.
15
Calculate the remainder when 749 is divided by 66.
23
Calculate the remainder when 3243 is divided by 1079.
6
What is the remainder when 25 is divided by 1?
0
Calculate the remainder when 248 is divided by 25.
23
What is the remainder when 620 is divided by 198?
26
Calculate the remainder when 2519 is divided by 40.
39
Calculate the remainder when 4027 is divided by 36.
31
Calculate the remainder when 49 is divided by 27.
22
What is the remainder when 84 is divided by 82?
2
What is the remainder when 124 is divided by 94?
30
What is the remainder when 2748 is divided by 99?
75
Calculate the remainder when 796 is divided by 20.
16
Calculate the remainder when 2339 is divided by 90.
89
What is the remainder when 495 is divided by 39?
27
What is the remainder when 280 is divided by 24?
16
Calculate the remainder when 237 is divided by 126.
111
What is the remainder when 4909 is divided by 117?
112
Calculate the remainder when 702 is divided by 340.
22
Calculate the remainder when 899 is divided by 292.
23
Calculate the remainder when 9783 is divided by 8.
7
Calculate the remainder when 328 is divided by 36.
4
What is the remainder when 439 is divided by 75?
64
Calculate the remainder when 7154 is divided by 7.
0
Calculate the remainder when 921 is divided by 456.
9
Calculate the remainder when 980 is divided by 27.
8
Calculate the remainder when 56 is divided by 21.
14
What is the remainder when 494 is divided by 84?
74
Calculate the remainder when 29 is divided by 14.
1
What is the remainder when 193 is divided by 42?
25
Calculate the remainder when 444 is divided by 60.
24
Calculate the remainder when 174 is divided by 13.
5
What is the remainder when 129 is divided by 15?
9
What is the remainder when 594 is divided by 161?
111
Calculate the remainder when 149 is divided by 27.
14
What is the remainder when 125 is divided by 34?
23
Calculate the remainder when 799 is divided by 394.
11
What is the remainder when 38 is divided by 29?
9
Calculate the remainder when 103 is divided by 63.
40
What is the remainder when 1749 is divided by 14?
13
Calculate the remainder when 620 is divided by 89.
86
What is the remainder when 434 is divided by 29?
28
Calculate the remainder when 1951 is divided by 122.
121
What is the remainder when 127 is divided by 65?
62
What is the remainder when 763 is divided by 20?
3
What is the remainder when 154 is divided by 35?
14
Calculate the remainder when 15 is divided by 9.
6
Calculate the remainder when 328 is divided by 30.
28
Calculate the remainder when 3155 is divided by 1563.
29
Calculate the remainder when 57 is divided by 4.
1
What is the remainder when 245 is divided by 52?
37
Calculate the remainder when 750 is divided by 256.
238
Calculate the remainder when 554 is divided by 1.
0
What is the remainder when 5708 is divided by 29?
24
What is the remainder when 267 is divided by 2?
1
What is the remainder when 46372 is divided by 79?
78
Calculate the remainder when 3185 is divided by 7.
0
What is the remainder when 47 is divided by 12?
11
Calculate the remainder when 21 is divided by 6.
3
What is the remainder when 122 is divided by 51?
20
Calculate the remainder when 12967 is divided by 9.
7
Calculate the remainder when 1912 is divided by 33.
31
What is the remainder when 2724 is divided by 232?
172
What is the remainder when 1039 is divided by 16?
15
Calculate the remainder when 21 is divided by 4.
1
Calculate the remainder when 275 is divided by 93.
89
What is the remainder when 93 is divided by 57?
36
Calculate the remainder when 505 is divided by 22.
21
What is the remainder when 625 is divided by 200?
25
Calculate the remainder when 1468 is divided by 97.
13
What is the remainder when 50 is divided by 34?
16
What is the remainder when 88 is divided by 46?
42
Calculate the remainder when 233 is divided by 18.
17
Calculate the remainder when 472 is divided by 68.
64
Calculate the remainder when 8914 is divided by 182.
178
Calculate the remainder when 239 is divided by 62.
53
What is the remainder when 31 is divided by 12?
7
Calculate the remainder when 516 is divided by 160.
36
Calculate the remainder when 270 is divided by 47.
35
What is the remainder when 407 is divided by 51?
50
Calculate the remainder when 587 is divided by 12.
11
Calculate the remainder when 247 is divided by 15.
7
Calculate the remainder when 1448 is divided by 50.
48
Calculate the remainder when 31 is 